450?
True
Is 71 a factor of 552451?
True
Is 70 a factor of 6513149?
False
Is 12 a factor of 2518368?
True
Does 101 divide 5013850?
False
Is 130020 a multiple of 49?
False
Is 194 a factor of 166231?
False
Does 12 divide 325923?
False
Is 128 a factor of 71785?
False
Is 9 a factor of 106987?
False
Is 368830 a multiple of 35?
True
Is 335958 a multiple of 119?
False
Is 3 a factor of 12913?
False
Is 808 a factor of 315928?
True
Is 18 a factor of 1647000?
True
Is 1206486 a multiple of 873?
True
Is 1122568 a multiple of 33?
False
Is 609 a factor of 4472279?
False
Is 1894161 a multiple of 103?
False
Is 2 a factor of 33056?
True
Does 78 divide 197652?
True
Does 14 divide 1343841?
False
Does 22 divide 291947?
False
Is 7 a factor of 24731?
True
Is 58900 a multiple of 20?
True
Is 20 a factor of 588900?
True
Is 17706650 a multiple of 1380?
False
Is 181754 a multiple of 18?
False
Is 417 a factor of 45036?
True
Is 81295 a multiple of 5?
True
Is 7 a factor of 283899?
True
Is 44684 a multiple of 27?
False
Is 10 a factor of 530500?
True
Does 47 divide 3635544?
True
Does 9 divide 82611?
True
Is 125886 a multiple of 6?
True
Is 21271 a multiple of 49?
False
Is 166273 a multiple of 39?
False
Is 43 a factor of 236715?
True
Does 5 divide 25066?
False
Does 36 divide 530860?
False
Is 1709951 a multiple of 184?
False
Does 8 divide 82861?
False
Is 32 a factor of 447112?
False
Does 8 divide 113384?
True
Is 14572670 a multiple of 14?
True
Is 2414508 a multiple of 12?
True
Does 34 divide 9048216?
True
Is 957 a factor of 1176153?
True
Is 20 a factor of 40096?
False
Does 16 divide 494624?
True
Is 2125064 a multiple of 9?
False
Does 6 divide 56886?
True
Is 20387 a multiple of 37?
True
Is 707 a factor of 2769836?
False
Is 698958 a multiple of 234?
True
Is 27 a factor of 1378107?
True
Is 5562541 a multiple of 67?
True
Is 115988 a multiple of 5?
False
Is 15520 a multiple of 32?
True
Is 27 a factor of 231984?
True
Does 50 divide 440050?
True
Is 4 a factor of 5755?
False
Does 187 divide 340575?
False
Does 21 divide 2583207?
False
Does 114 divide 236143?
False
Is 2543 a factor of 15138479?
True
Is 1907680 a multiple of 32?
True
Is 2697948 a multiple of 132?
True
Does 69 divide 65343?
True
Is 24 a factor of 169320?
True
Is 755 a factor of 7273670?
True
Is 88 a factor of 254598?
False
Is 689499 a multiple of 5?
False
Is 1241619 a multiple of 53?
False
Is 28541900 a multiple of 61?
True
Is 131889 a multiple of 21?
False
Does 800 divide 3866180?
False
Is 178132 a multiple of 159?
False
Is 777279 a multiple of 441?
False
Does 482 divide 2411446?
True
Is 511 a factor of 286466?
False
Is 844127 a multiple of 115?
False
Is 11 a factor of 1238247?
False
Does 33 divide 133353?
True
Does 127 divide 7561?
False
Is 42 a factor of 38742?
False
Does 12 divide 63651?
False
Does 39 divide 1211301?
True
Is 169646 a multiple of 271?
True
Is 274245 a multiple of 353?
False
Is 36 a factor of 1461960?
True
Does 4 divide 80446?
False
Does 12 divide 3083374?
False
Is 1194049 a multiple of 145?
False
Does 2 divide 220003?
False
Is 46 a factor of 36754?
True
Is 90941 a multiple of 14?
False
Does 4 divide 48250?
False
Is 6 a factor of 258269?
False
Is 5026213 a multiple of 42?
False
Is 2540321 a multiple of 86?
False
Is 251007 a multiple of 31?
True
Is 490 a factor of 8854790?
True
Is 7 a factor of 85869?
True
Does 15 divide 694160?
False
Does 93 divide 54600?
False
Is 5 a factor of 1497063?
False
Is 43277 a multiple of 17?
False
Does 485 divide 909179?
False
Does 46 divide 474999?
False
Is 224 a factor of 1249920?
True
Is 197 a factor of 94759?
False
Is 92722 a multiple of 501?
False
Does 18 divide 167886?
True
Is 6 a factor of 3084198?
True
Does 79 divide 33798?
False
Is 30432 a multiple of 57?
False
Does 232 divide 9053?
False
Is 421 a factor of 72766?
False
Is 44726 a multiple of 8?
False
Is 119 a factor of 958277?
False
Is 207722 a multiple of 394?
False
Is 88 a factor of 6968280?
True
Is 64593 a multiple of 51?
False
Does 428 divide 4424020?
False
Is 5278200 a multiple of 19?
True
Does 34 divide 231025?
False
Is 39044 a multiple of 10?
False
Is 630 a multiple of 14?
True
Is 402 a factor of 1274607?
False
Is 6256448 a multiple of 32?
True
Does 661 divide 960417?
False
Is 22 a factor of 399197?
False
Does 543 divide 11146061?
False
Does 356 divide 781618?
False
Is 17 a factor of 105961?
True
Is 153 a factor of 1040097?
False
Is 72914 a multiple of 212?
False
Is 4695314 a multiple of 268?
False
Is 13194279 a multiple of 147?
True
Is 5470593 a multiple of 36?
False
Does 245 divide 65660?
True
Is 213 a factor of 16161801?
True
Is 47624 a multiple of 268?
False
Is 67 a factor of 601124?
True
Is 87 a factor of 3367577?
False
Is 73 a factor of 3878265?
False
Is 99 a factor of 259344?
False
Is 260312 a multiple of 45?
False
Is 204 a factor of 8806735?
False
Does 171 divide 4869396?
True
Is 1012578 a multiple of 21?
True
Is 40 a factor of 333200?
True
Is 766 a factor of 11542088?
True
Is 46 a factor of 347673?
False
Is 2397 a multiple of 17?
True
Is 17835 a multiple of 145?
True
Does 6 divide 2071602?
True
Is 9 a factor of 40185?
True
Does 19 divide 1501?
True
Is 330496 a multiple of 64?
True
Does 86 divide 1104842?
True
Does 77 divide 33649?
True
Is 2 a factor of 59043?
False
Is 874120 a multiple of 52?
True
Is 3240 a multiple of 36?
True
Does 1276 divide 3271664?
True
Does 16 divide 26624937?
False
Is 232 a factor of 3296079?
False
Is 80102 a multiple of 5?
False
Is 74942 a multiple of 7?
True
Is 476560 a multiple of 806?
False
Is 166 a factor of 109744?
False
Is 3536557 a multiple of 1245?
False
Is 5576 a multiple of 12?
False
Is 4 a factor of 26280?
True
Does 129 divide 155445?
True
Is 102 a factor of 500427?
False
Does 37 divide 4027819?
False
Does 18 divide 316156?
False
Is 2 a factor of 51990?
True
Is 685400 a multiple of 20?
True
Does 316 divide 522980?
True
Is 14 a factor of 634592?
True
Does 13 divide 4563838?
False
Is 16 a factor of 321296?
True
Does 6 divide 17790?
True
Is 100 a factor of 5116?
False
Is 268184 a multiple of 14?
True
Is 80 a factor of 12240?
True
Is 19 a factor of 610921?
False
Does 28 divide 3394?
False
Does 21 divide 973455?
True
Is 3881033 a multiple of 529?
False
Is 2234339 a multiple of 37?
False
Does 252 divide 1108044?
True
Is 2794748 a multiple of 11?
True
Is 439050 a multiple of 10?
True
Is 40 a factor of 127640?
True
Is 273364 a multiple of 5?
False
Is 492491 a multiple of 30?
False
Is 198150 a multiple of 37?
False
Is 3009976 a multiple of 229?
True
Is 221058 a multiple of 81?
False
Is 4014411 a multiple of 87?
False
Is 12411594 a multiple of 7?
False
Does 41 divide 96621?
False
Is 87 a factor of 340651?
False
Does 290 divide 2918178?
False
Is 29 a factor of 213662?
False
Is 271663 a multiple of 197?
True
Is 26 a factor of 261836?
False
Is 15 a factor of 204180?
True
Is 697 a factor of 3648795?
True
Is 928623 a multiple of 36?
False
Does 276 divide 1257456?
True
Does 73 divide 33872?
True
Does 7 divide 8043?
True
Is 691957 a multiple of 19?
False
Is 518595 a multiple of 11?
True
Does 39 divide 147069?
True
Is 575923 a multiple of 357?
False
Is 84 a factor of 380827?
False
Does 38 divide 123462?
True
Is 5 a factor of 185211?
False
Is 1236268 a multiple of 22?
True
Is 302 a factor of 4946160?
False
Is 26 a factor of 6273?
False
Is 227 a factor of 92308?
False
Is 4 a factor of 1864?
True
Does 50 divide 469227?
False
Is 14 a factor of 4572274?
True
Does 24 divide 1131616?
False
Is 16 a factor of 281807?
False
Is 105790 a multiple of 298?
True
Does 289 divide 3502494?
False
Is 247 a factor of 252434?
True
Is 3 a factor of 103968?
True
Is 2 a factor of 931020?
True
Is 43274 a multiple of 153?
False
Does 16 divide 823120?
True
Is 3 a factor of 697847?
False
Is 27 a factor of 22351118?
False
Does 117 divide 1194748?
False
Is 11 a factor of 10136?
False
Is 406963 a multiple of 366?
False
Is 51 a factor of 1409622?
False
Is 580141 a multiple of 5?
False
Is 745781 a multiple of 301?
False
Is 11192694 a multiple of 1824?
False
Does 81 divide 134073?
False
Is 6252699 a multiple of 1184?
False
Is 67 a factor of 2262925?
True
Is 34 a factor of 385629?
False
Is 4 a factor of 48529?
False
Is 28 a factor of 150808?
True
Does 9 divide 62001?
True
Is 208033 a multiple of 21?
False
Is 12 a f